se
Is 974 composite?
True
Is 16271 composite?
True
Is 1434539 a composite number?
False
Is 20021 a prime number?
True
Is 596591 a composite number?
True
Is 1438643 a composite number?
False
Is 12601 composite?
False
Is 19369 a prime number?
False
Is 430783 composite?
False
Is 22303 a composite number?
False
Is 52951 a prime number?
True
Is 5623 a composite number?
False
Is 44333 prime?
False
Is 19373 a composite number?
False
Is 10781 composite?
False
Is 61871 composite?
False
Is 190063 a composite number?
False
Is 3455 a prime number?
False
Is 39907 a composite number?
True
Is 30757 prime?
True
Is 59921 composite?
False
Is 171767 a prime number?
False
Is 709 a composite number?
False
Is 704419 a prime number?
True
Is 32811 a composite number?
True
Is 13589 a composite number?
True
Is 335719 a prime number?
True
Is 165161 a composite number?
False
Is 54947 a prime number?
False
Is 3341 prime?
False
Is 15837 a prime number?
False
Is 403567 a prime number?
True
Is 132513 a prime number?
False
Is 31897 a prime number?
False
Is 322261 prime?
True
Is 312049 a composite number?
True
Is 138511 prime?
True
Is 775949 a composite number?
False
Is 597543 prime?
False
Is 64589 a composite number?
True
Is 677 prime?
True
Is 6443 a composite number?
True
Is 5111 prime?
False
Is 447473 prime?
False
Is 12674 composite?
True
Is 2826719 composite?
True
Is 1717 composite?
True
Is 9091 a composite number?
False
Is 262723 a composite number?
False
Is 31633 prime?
False
Is 193031 prime?
True
Is 30293 composite?
False
Is 377 a prime number?
False
Is 1151 a prime number?
True
Is 833903 prime?
False
Is 895219 composite?
True
Is 29717 a prime number?
True
Is 212281 prime?
True
Is 11861 prime?
False
Is 6739 a prime number?
False
Is 1219277 a composite number?
True
Is 16411 prime?
True
Is 39019 a prime number?
True
Is 69991 prime?
True
Is 9781 composite?
False
Is 199249 a prime number?
False
Is 526531 prime?
True
Is 306271 composite?
True
Is 94483 a prime number?
True
Is 524281 composite?
True
Is 666599 a composite number?
False
Is 10243 composite?
False
Is 16787 prime?
True
Is 211985 prime?
False
Is 1276559 prime?
False
Is 2605 composite?
True
Is 48371 a prime number?
True
Is 33 composite?
True
Is 957289 a composite number?
False
Is 1481309 a prime number?
True
Is 7901 a prime number?
True
Is 44779 prime?
False
Is 15359 a prime number?
True
Is 66049 a prime number?
False
Is 34693 composite?
False
Is 32638 a prime number?
False
Is 6049 a composite number?
True
Is 15907 prime?
True
Is 52963 a prime number?
True
Is 37159 prime?
True
Is 75703 a prime number?
True
Is 166181 prime?
False
Is 39661 composite?
True
Is 51787 a prime number?
True
Is 289937 a composite number?
False
Is 10289 a composite number?
False
Is 206383 a prime number?
True
Is 29663 composite?
False
Is 70529 a prime number?
True
Is 49103 a prime number?
True
Is 28214 prime?
False
Is 79861 a composite number?
False
Is 3389 prime?
True
Is 361379 a composite number?
True
Is 23431 composite?
False
Is 74567 prime?
True
Is 50581 prime?
True
Is 5069 a prime number?
False
Is 158107 a prime number?
False
Is 901247 composite?
False
Is 1079869 a prime number?
False
Is 218531 a composite number?
False
Is 229289 a composite number?
True
Is 261223 prime?
True
Is 53315 prime?
False
Is 1782863 a composite number?
False
Is 2099 a prime number?
True
Is 9017 a prime number?
False
Is 1252039 composite?
True
Is 2837 composite?
False
Is 85889 prime?
True
Is 4151 a composite number?
True
Is 15053 prime?
True
Is 89809 a composite number?
False
Is 10533 a composite number?
True
Is 233647 composite?
True
Is 95723 composite?
False
Is 2411 a prime number?
True
Is 17273 a prime number?
False
Is 1102063 composite?
False
Is 252677 a prime number?
False
Is 787 prime?
True
Is 4711 prime?
False
Is 7069 composite?
False
Is 6241 a composite number?
True
Is 2325097 a composite number?
False
Is 460937 a prime number?
True
Is 678646 prime?
False
Is 20597 a composite number?
True
Is 216523 a prime number?
True
Is 2361 prime?
False
Is 2333 composite?
False
Is 7723 a composite number?
False
Is 49641 prime?
False
Is 11693 prime?
False
Is 104579 a composite number?
False
Is 601397 composite?
False
Is 742766 prime?
False
Is 9533 a composite number?
False
Is 42661 prime?
False
Is 37171 prime?
True
Is 601717 composite?
False
Is 3581 a prime number?
True
Is 11057 prime?
True
Is 251795 composite?
True
Is 448377 a composite number?
True
Is 1034051 composite?
True
Is 28533 prime?
False
Is 265 a prime number?
False
Is 168977 prime?
True
Is 159851 a prime number?
False
Is 114941 a composite number?
False
Is 10243 prime?
True
Is 163759 composite?
True
Is 215111 composite?
True
Is 41639 prime?
False
Is 1016755 a prime number?
False
Is 26473 composite?
True
Is 240323 composite?
True
Is 18058 prime?
False
Is 1164109 composite?
True
Is 1040437 a composite number?
True
Is 786529 prime?
False
Is 633109 a composite number?
True
Is 583969 a composite number?
False
Is 20249 a composite number?
False
Is 768647 a composite number?
True
Is 23509 prime?
True
Is 2242991 prime?
False
Is 242653 prime?
False
Is 5158 prime?
False
Is 272003 a prime number?
True
Is 14143 composite?
False
Is 32647 a prime number?
True
Is 1374358 prime?
False
Is 17953 prime?
False
Is 587 a prime number?
True
Is 18119 prime?
True
Is 45649 a composite number?
True
Is 972239 a composite number?
True
Is 73077 prime?
False
Is 126839 a prime number?
True
Is 300727 prime?
False
Is 45943 a prime number?
True
Is 185839 a prime number?
False
Is 480631 a composite number?
True
Is 310313 a composite number?
False
Is 328493 a composite number?
True
Is 328805 composite?
True
Is 2357 composite?
False
Is 253901 a composite number?
False
Is 151781 a prime number?
False
Is 305839 a prime number?
True
Is 68833 prime?
False
Is 3691 composite?
False
Is 2106491 a composite number?
False
Is 2203 composite?
False
Is 240943 composite?
False
Is 120521 a composite number?
True
Is 40781 prime?
False
Is 742657 a prime number?
True
Is 450419 a composite number?
True
Is 167009 a prime number?
True
Is 697877 composite?
False
Is 4339 a composite number?
False
Is 1218113 prime?
False
Is 2512853 a composite number?
True
Is 112427 a prime number?
False
Is 30263 a composite number?
True
Is 401591 composite?
True
Is 24131 prime?
False
Is 4777 a prime number?
False
Is 17617 a prime number?
False
Is 33403 a prime number?
True
Is 112901 a composite number?
False
Is 402277 prime?
True
Is 18559 a composite number?
True
Is 301319 a prime number?
True
Is 2047637 prime?
True
Is 67029 a prime number?
False
Is 52067 a prime number?
True
Is 323501 a prime number?
False
Is 599191 prime?
True
Is 7807 composite?
True
Is 834569 composite?
False
Is 46199 a composite number?
False
Is 1501 a composite number?
True
Is 1543 a composite number?
False
Is 16447 a prime number?
True
Is 1975709 a composite number?
False
Is 60949 prime?
False
Is 16033 composite?
False
Is 9327 prime?
False
Is 1864855 a prime number?
False
Is 667 a composite number?
True
Is 2147 a prime number?
False
Is 41131 a composite number?
False
Is 778641 a prime number?
False
Is 109159 a prime number?
True
Is 2939 composite?
False
Is 3277 a composite number?
True
Is 2551943 a composite number?
False
Is 496959 a prime number?
False
Is 91138 composite?
True
Is 26801 a composite number?
False
Is 4369 a prime number?
False
Is 26971 a prime number?
False
Is 551281 a prime number?
True
Is 662689 a composite number?
False
Is 474769 a composite number?
False
Is 27785 a prime number?
False
Is 152363 prime?
True
Is 28211 composite?
False
Is 15877 prime?
True
Is 41927 composite?
False
Is 212899 prime?
False
Is 108587 prime?
True
Is 293977 prime?
False
Is 10771 a prime number?
True
Is 14242 a composite number?
True
Is 19633 composite?
True
Is 5711 a composite number?
False
Is 150677 composite?
True
Is 6761 prime?
True
Is 59327 a prime number?
False
Is 5591 composite?
False
Is 25 a prime number?
False
Is 8399 prime?
False
Is 3571 a composite number?
False
Is 1831 a composite number?
False
Is 94151 a composite number?
False
Is 4073 composite?
False
Is 9505 prime?
False
Is 7379 composite?
True
Is 88169 composite?
False
Is 70869 a prime number?
False
Is 739 a composite number?
False
Is 96377 a prime n